a**3 + 18*a**2 - 53*a + 9. What is r(2)?
-801
Let p(a) = 3*a**3 - 73*a**2 - 65*a + 27. Calculate p(0).
27
Let q(w) = w**3 - 397*w**2 - 1986*w - 9692. Calculate q(402).
-44
Let m(j) = -17*j**3 - 174*j**2 - 186*j - 6. What is m(-9)?
-33
Let h(s) = s**2 - 1252*s - 26724. What is h(1273)?
9
Let d(s) = -2*s**3 + 74*s**2 + 681*s + 216. What is d(-8)?
528
Let h(t) = -6*t**3 - 32*t**2 - 11*t - 52. What is h(-6)?
158
Let f(u) = -136*u - 3782. Calculate f(-32).
570
Let z(b) = 9*b**2 - 232*b - 6981. Calculate z(-26).
5135
Let q(c) = 1952*c + 230328. Give q(-118).
-8
Let t(i) = -573*i + 2417. Determine t(5).
-448
Let u(f) = -f**2 + 203*f + 17339. Calculate u(266).
581
Let k(d) = 13*d**2 + 128*d - 90. Give k(-9).
-189
Let h(s) = s**3 - 11*s**2 - 5*s - 983. Determine h(15).
-158
Let v(n) = -12*n**3 - 3096*n**2 - 5*n - 1326. Calculate v(-258).
-36
Let k(n) = n**2 + 171*n - 16562. Calculate k(69).
-2
Let i(r) = 6*r**3 + 11*r**2 - 609*r - 54. What is i(-11)?
-10
Let r(p) = 294*p - 135236. Give r(460).
4
Let l(q) = q**3 - 83*q**2 - 377*q + 17673. Determine l(85).
78
Let c(v) = -19*v**2 - 4387*v + 309. Give c(-231).
-153
Let d(c) = -23686*c - 1729116. Calculate d(-73).
-38
Let n(d) = 1343*d - 63226. Calculate n(47).
-105
Let k(f) = -170*f**3 - 21*f**2 - f - 12. What is k(-2)?
1266
Let o(c) = -4*c**3 - 288*c**2 - 1382*c - 19998. Give o(-68).
-6
Let j(k) = k**2 + 107*k - 4598. Determine j(-140).
22
Let x(n) = -2*n**3 + 86*n**2 - 316*n + 173. Determine x(39).
17
Let i(x) = -284*x - 19020. Give i(-67).
8
Let z(b) = b**3 + 142*b**2 + 106*b - 4937. Calculate z(-141).
-2
Let h(i) = -23*i**2 - 393*i + 944. Calculate h(-18).
566
Let t(k) = k**2 + 1115*k + 267779. What is t(-765)?
29
Let y(b) = -554*b + 239894. Give y(433).
12
Let k(h) = -872*h + 4519. Calculate k(8).
-2457
Let u(a) = -4744*a + 97839. Determine u(21).
-1785
Let u(v) = 233*v**2 - 154*v - 5. Calculate u(1).
74
Let h(k) = 2*k**3 + 19*k**2 - 11513*k - 69269. What is h(-6)?
61
Let x(f) = -299878*f - 5097918. Determine x(-17).
8
Let s(d) = -d**2 - 25*d + 4775. Give s(65).
-1075
Let s(x) = -42753*x + 85504. Give s(2).
-2
Let a(u) = -7*u**2 + 1057*u + 5285. Give a(-5).
-175
Let s(o) = -o**3 - 30*o**2 - 14*o + 49. Determine s(-28).
-1127
Let f(u) = -20*u**2 + 1589*u + 17884. Determine f(-10).
-6
Let n(u) = -u**3 + 40*u**2 + 159*u - 1391. Give n(43).
-101
Let z(f) = 679*f + 39336. Determine z(-60).
-1404
Let w(q) = 4056*q + 6826263. Calculate w(-1683).
15
Let s(d) = -d**3 - 321*d**2 + 1633*d + 858. Give s(-326).
-120
Let l(g) = -3636*g + 16696. What is l(4)?
2152
Let p(x) = 45*x - 5370. What is p(126)?
300
Let h(m) = 6260*m + 162773. Give h(-26).
13
Let r(q) = -q**3 - 427*q**2 - 3329*q + 218. Determine r(-8).
34
Let o(r) = 3*r**2 + 3350*r - 264288. Determine o(74).
40
Let m(z) = -54*z**2 - 933*z - 1874. Give m(-2).
-224
Let y(n) = 30228*n + 46007022. Calculate y(-1522).
6
Let s(t) = t**3 - 354*t**2 + 502*t - 303712. Give s(355).
523
Let x(v) = 895*v**2 - 1555*v - 454. Give x(2).
16
Let l(s) = 3*s**2 + 205*s - 1253. Determine l(-70).
-903
Let s(x) = -2*x**3 - 10*x**2 + 114*x + 463. Calculate s(-10).
323
Let m(w) = -w**2 + 1823*w + 632002. Give m(-298).
-56
Let l(r) = -258*r**3 - 2582*r**2 - 58*r - 424. Give l(-10).
-44
Let j(p) = 1544*p**2 + 23152*p - 123. Determine j(-15).
-3
Let s(d) = 830*d + 55633. Calculate s(-68).
-807
Let b(i) = 3604*i - 201841. What is b(56)?
-17
Let q(x) = 15961*x + 129201. Give q(-8).
1513
Let i(t) = t**3 - 60*t**2 + 447*t - 1634. Give i(52).
-22
Let u(y) = -y**3 + 97*y**2 - 709*y - 164. Determine u(89).
103
Let g(i) = -2*i**2 - 60*i + 1261. What is g(-42)?
253
Let h(b) = b**3 + 41*b**2 + 2310*b + 28802. Determine h(-15).
2
Let a(r) = -11*r**2 + 790*r + 3456. What is a(76)?
-40
Let a(n) = -2*n**2 - 490*n + 62859. Calculate a(-338).
-9
Let v(x) = 37*x**2 + 38768*x + 193806. Calculate v(-5).
891
Let j(r) = -r**2 - 11162*r - 1955161. Determine j(-178).
-9
Let q(f) = -f**3 + 128*f**2 + 134*f - 92. Give q(129).
553
Let z(w) = 57*w**3 + 1189*w**2 + 2317*w + 1. Calculate z(-2).
-333
Let a(k) = 534*k - 47786. Determine a(89).
-260
Let t(b) = b**2 - 59*b - 2371. Give t(85).
-161
Let m(f) = 791*f**3 - 799*f**2 + 2*f + 4. Give m(1).
-2
Let k(h) = -h**2 - 1795*h + 64069. Calculate k(35).
19
Let w(m) = 16331*m - 293948. Calculate w(18).
10
Let p(u) = -2*u**3 + 116*u**2 - 620*u - 52. Determine p(6).
-28
Let c(a) = -1710*a + 18213. What is c(11)?
-597
Let m(k) = 9991*k + 79906. What is m(-8)?
-22
Let x(i) = -53*i + 3041. Determine x(61).
-192
Let v(h) = -20*h**2 + 59937*h - 119795. Determine v(2).
-1
Let o(l) = -583*l**2 - 3117*l + 2305. Give o(-6).
19
Let y(n) = 3*n**3 - 117*n**2 + 595*n - 113. Determine y(33).
-80
Let b(g) = 23*g**2 + 71*g - 265. Calculate b(-4).
-181
Let q(l) = -3570*l - 192820. What is q(-54)?
-40
Let l(a) = -a**3 - 48*a**2 + 415*a + 239. Calculate l(8).
-25
Let q(p) = -p**3 - 536*p**2 - 4735*p + 53. What is q(-9)?
-19
Let q(s) = 5*s**2 - 10*s + 157. Give q(9).
472
Let b(k) = 2*k**3 - 16*k**2 - 12331*k + 49455. Calculate b(4).
3
Let u(a) = 6166*a - 5450733. Calculate u(884).
11
Let q(h) = h**3 + 64*h**2 + 801*h + 23. What is q(-17)?
-11
Let j(n) = 365143*n + 8763454. Give j(-24).
22
Let f(c) = 3*c**3 - 144*c**2 - 154*c - 491. Give f(49).
-834
Let p(q) = -15*q**2 + 1754*q - 41472. What is p(84)?
24
Let u(t) = 54387*t + 434705. What is u(-8)?
-391
Let z(s) = 94*s**3 + 44*s**2 + 82*s - 4. Determine z(-2).
-744
Let y(r) = 5721*r - 526330. Determine y(92).
2
Let d(o) = 11*o**3 + 4*o**2 - 53*o + 2. What is d(4)?
558
Let r(l) = 4*l**2 + 1156*l + 24475. Calculate r(-266).
3
Let c(s) = 385*s - 15475. Determine c(39).
-460
Let m(y) = -4*y**2 + 1337*y + 6780. Determine m(-5).
-5
Let o(g) = 5*g**2 + 1318*g - 39827. Determine o(-291).
40
Let p(n) = -4*n**2 + 100*n + 375. What is p(32)?
-521
Let q(o) = 37*o**2 - 4807*o + 56233. Calculate q(13).
-5
Let b(w) = -105*w**2 - 15516*w + 3552. Determine b(-148).
0
Let i(w) = -w**2 + 23*w + 79. Give i(-2).
29
Let n(c) = 9*c**2 - 1260*c - 3542. Calculate n(143).
319
Let i(g) = 5*g**3 + 371*g**2 + 466*g + 2049. Calculate i(-73).
5
Let a(u) = u**3 + 124*u**2 + 904*u + 1521. Give a(-5).
-24
Let p(v) = 8517*v**2 - 25569*v - 7. Determine p(3).
-61
Let v(u) = 126*u**2 + 48608*u - 10817. Give v(-386).
-9
Let c(r) = -4550*r**2 + 54606*r - 35. Give c(12).
37
Let k(u) = 2*u**3 + 73*u**2 + 58*u - 32. Give k(-36).
-824
Let v(q) = -q**2 + 107*q + 469. Determine v(-11).
-829
Let x(t) = 2*t**2 + 4643*t + 774859. Calculate x(-181).
-2
Let k(y) = y**2 + 413*y + 42112. Give k(-232).
120
Let u(h) = -h**2 + 221462*h + 1107332. Calculate u(-5).
-3
Let s(w) = -w**3 + 42*w**2 - 742*w + 15983. Give s(34).
3
Let m(i) = i**2 + 105120*i - 1787329. Determine m(17).
0
Let g(f) = 30349*f - 394510. What is g(13)?
27
Let w(c) = -297*c - 20223. Determine w(-68).
-27
Let a(k) = -138519*k + 2908902. What is a(21)?
3
Let g(c) = 147*c + 141. Give g(-1).
-6
Let a(i) = -i**3 + 46*i**2 - 2265*i + 28528. Give a(16).
-32
Let x(w) = 3*w**2 - 90*w - 2889. Give x(-19).
-96
Let v(j) = -3*j**2 + 1102*j - 62211. Give v(70).
229
Let l(h) = 1004534*h - 5022747. Give l(5).
-77
Let h(i) = 4*i**2 + 2823*i + 118943. Give h(-45).
8
Let l(k) = 219*k - 8912. Calculate l(40).
-152
Let u(s) = 2*s**3 - 85*s**2 - 240*s + 8460. Determine u(43).
-11
Let l(r) = -953*r + 14066. Give l(15).
-229
Let m(q) = -334*q + 95543. Calculate m(286).
19
Let a(h) = -401*h - 14030. What is a(-35)?
5
Let k(q) = 35*q**2 - 3333*q + 10376. Determine k(92).
-20
Let n(w) = 28*w**2 + 18535*w - 593. Calculate n(-662).
69
Let s(r) = -r**3 + 225*r**2 + 725*r - 10269. Give s(228).
-921
Let f(g) = -2*g**3 + 65*g**2 - 147*g - 54. What is f(30)?
36
Let a(m) = 5*m**3 - 384*m**2 + 675*m + 137. Calculate a(75).
137
Let i(z) = 11006*z - 286140. Calculate i(26).
16
Let q(c) = 2*c**3 - 6*c**2 - 920*c + 7551. Give q(17).
3
Let t(i) = -51170*i - 26045525. Determine t(-509).
5
Let j(n) = 20073*n + 562110. Give j(-28).
66
Let o(v) = -5666*v - 50993. Give o(-9).
1
Let d(z) = 1774*z - 62956. What is d(35)?
-866
Let m(q) = 7*q**2 - 4561*q - 22782. What is m(-5)?
198
Let d(t) = 1095890*t - 10958897. What is d(10)?
3
Let o(d) = -74*d**2 + 249*d. Give o(5).
-605
Let g(f) = -f**3 + 6*f**2 + 75943*f - 531541. What is g(7)?
11
Let j(g) = -2*g**3 + 234*g**2 + 253